{"id":490,"date":"2013-10-02T10:04:40","date_gmt":"2013-10-02T08:04:40","guid":{"rendered":"http:\/\/www.medienkultur.at\/neu\/?page_id=490"},"modified":"2018-12-19T17:59:33","modified_gmt":"2018-12-19T15:59:33","slug":"kontakt-anregungkritik-1-3","status":"publish","type":"page","link":"https:\/\/www.medienkultur.at\/neu\/wer-wir-sind\/kontakt-anregungkritik-1-3\/","title":{"rendered":"Kontakt, Anregung, Kritik; Ihr Wort an uns"},"content":{"rendered":"<h5>Liebe Leserin, lieber Leser!<\/h5>\n<h5>Sie\u00a0haben eine Frage an uns, m\u00f6chten etwas anregen,\u00a0einen \u00a0Tipp geben, einen Text senden, ja gern!\u00a0<em><strong>Auch Ihre Kritik\u00a0 mit Argumenten unterf\u00fcttert\u00a0, \u00a0interessiert uns aufrichtig!\u00a0\u00a0\u00a0\u00a0 <\/strong><\/em><\/h5>\n<h5><\/h5>\n<h5>Schreiben Sie uns doch eine Nachricht<\/h5>\n<p>[contact-form-7 id=&#8220;5072&#8243; title=&#8220;Kontaktformular 1&#8243;]<\/p>\n<p>&nbsp;<\/p>\n<h5>Oder alternativ an <a href=\"mailto:medienkultur@medienkultur.at\">medienkultur@medienkultur.at<\/a><\/h5>\n<p><a href=\"https:\/\/www.medienkultur.at\/neu\/wp-content\/uploads\/L1140529-Vmk.TeamArb.jpg\"><img loading=\"lazy\" decoding=\"async\" class=\"alignnone size-medium wp-image-979\" src=\"https:\/\/www.medienkultur.at\/neu\/wp-content\/uploads\/L1140529-Vmk.TeamArb-300x168.jpg\" alt=\"L1140529-Vmk.TeamArb\" width=\"300\" height=\"168\" srcset=\"https:\/\/www.medienkultur.at\/neu\/wp-content\/uploads\/L1140529-Vmk.TeamArb-300x168.jpg 300w, https:\/\/www.medienkultur.at\/neu\/wp-content\/uploads\/L1140529-Vmk.TeamArb-1024x576.jpg 1024w\" sizes=\"auto, (max-width: 300px) 100vw, 300px\" \/><\/a><\/p>\n<p><em><strong>Vielleicht senden Sie uns eine Idee zu einem Text, einen\u00a0 Text selbst, am liebsten schon gut formuliert, aber es muss nicht perfekt sein und\u00a0\u00a0 nicht Ihren Namen tragen.\u00a0&#8211; <\/strong><\/em><em><strong><strong>Selbstverst\u00e4ndlich freuen wir uns \u00fcber jede\u00a0 Form der Unterst\u00fctzung &#8211; Vielleicht schenken Sie uns Zeit, H\u00e4nde oder eben&#8230;Sie wissen ja, &#8211; ohne materia prima geht nichts.<\/strong><\/strong><\/em><\/p>\n<h4><a href=\"https:\/\/www.medienkultur.at\/neu\/wp-content\/uploads\/Bild-017mitarbeiter.ksoetextemanag.jpg\"><img loading=\"lazy\" decoding=\"async\" class=\"alignnone wp-image-986\" src=\"https:\/\/www.medienkultur.at\/neu\/wp-content\/uploads\/Bild-017mitarbeiter.ksoetextemanag-300x92.jpg\" alt=\"Bild 017mitarbeiter.ksoetextemanag\" width=\"514\" height=\"157\" \/><\/a><\/h4>\n<h4><\/h4>\n<h4><span style=\"color: #3366ff;\">Einzelne\u00a0\u00a0ORF-Leute\u00a0vermischen\u00a0Europa und EU <\/span><\/h4>\n<div>Sehr geehrter Herr Lehner!\u00a0\u00a0Ihre Antwort an Herrn Fritz Weber kann ich nur als THEMENVERFEHLUNG bezeichnen. Weil auf seine konkrete Kritik, <strong>dass man beim ORF zwischen Europa und EU nicht unterscheidet<\/strong>, sind Sie in keiner Weise eingegangen.<\/div>\n<div>Mit\u00a0dieser fehlenden Objektivit\u00e4t\u00a0ist der ORF nat\u00fcrlich nicht alleine. B\u00f6se Zungen behaupten ja, dass dahinter System steckt, nachdem dieses f\u00fcr kritische Leser \u00fcberaus auff\u00e4llige Vertauschen von Europa und EU generell in der heimischen Medienlandschaft <span style=\"text-decoration: underline;\">seit vielen Jahren Usus<\/span> ist.<\/div>\n<div>Tut mir leid, aber ich kann Ihre Worte &#8222;<em>weil Schlagzeilen eben zugespitzt werden m\u00fcssen<\/em>&#8220; nur als fadenscheinige Ausrede bezeichnen, weil das kann wirklich kein Grund sein, um unsachlich zu werden, und das\u00a0 &#8211; wie schon gesagt &#8211;\u00a0 bei dieser konkreten Thematik seit vielen Jahren immer wieder aufs Neue.<\/div>\n<div>Die Hoffnung stirbt zuletzt, dass man beim ORF die Kritik nicht einfach beiseite schiebt, sondern sich zuk\u00fcnftig doch auf mehr Objektivit\u00e4t besinnt!<\/div>\n<div><\/div>\n<div>Mit freundlichen Gr\u00fc\u00dfen<\/div>\n<div>Dipl.-Ing. Stephan Zanzerl, 1200 Wien<\/div>\n<div>\u00a0____<\/div>\n<div>\n<div>\n<div><b>Gesendet:<\/b>\u00a0Sonntag, 09. M\u00e4rz 2014 um 11:21 Uhr <b>Von:<\/b>\u00a0gerald.lehner@orf.at <b>An:<\/b>\u00a0<a href=\"mailto:fwweber@web.de\">fwweber@web.de<\/a>,\u00a0 konkret@orf.at, online@orf.at <b>Cc:<\/b>\u00a0 <a href=\"mailto:witzany@sbg.at\">witzany@sbg.at<\/a>,\u00a0 alfred.haiger@aon.at, <a href=\"mailto:hermann.knoflacher@tuwien.ac.at\">hermann.knoflacher@tuwien.ac.at<\/a>,\u00a0<a href=\"mailto:mailfriwe@list.werkstatt.or.at\">mailfriwe@list.werkstatt.or.at<\/a>,\u00a0<a href=\"mailto:peter.weish@univie.ac.at\">peter.weish@univie.ac.at<\/a><\/div>\n<div><b>Betreff:<\/b>\u00a0AW: Beschwerde \u00fcber unangemessene \u00dcberschrift (&#8222;europakritische T\u00f6ne&#8220;)<\/div>\n<div>\n<div>\n<div>liebes forum! danke, sg. Herr Weber\u00a0 f\u00fcr ihr feedback. ich f\u00fcr meinen teil kann nur sagen, bei der kollegenschaft sind wohl keine ladies und gentlemen dabei, die der eu-kommission v\u00f6llig unkritisch gegen\u00fcberstehen. ich habe zumindest bisher keine kennengelernt. als journalist und redakteur hatte ich nichts mit der story zu tun, habe nur gro\u00dfes &#8222;mitgef\u00fchl&#8220; mit dem verfasser oder der verfasserin, weil schlagzeilen eben zugespitzt werden m\u00fcssen. selbst bin ich auch des totalitarismus unverd\u00e4chtig und verweise dazu auf mein neues buch, das sich mit dem leben eines recht fundierten eu-kritikers und vehementen gegners von totalitarismen, nationalistischem gr\u00f6\u00dfenwahn und des kolonialismus aller schattierungen auseinandersetzt. sie finden dazu mehr hier:<br \/>\n<a href=\"http:\/\/www.kohr.at\/\" target=\"_blank\" rel=\"noopener\">www.kohr.at<\/a><br \/>\nmein buch wurde in\u00a0 vor kurzem im orf landesstudio mit dem segen und der tatkr\u00e4ftigen unterst\u00fctzung unseres managements pr\u00e4sentiert. danke f\u00fcr ihre gedanken, herr weber. sie tun uns aber m\u00f6glicherweise unrecht, wenn sie uns solche sachen unterstellen (sollten). ich m\u00f6chte noch hinzuf\u00fcgen, bei aller berechtigten kritik an der eu und der eu-kommission: bis zum &#8222;totalitarismus&#8220; ist es dort noch ein sehr weiter weg. man w\u00fcrde diktaturen verharmlosen, w\u00fcrde man die eu und ihre vielen strukturellen schattenseiten in diese t\u00f6pfe werfen.\u00a0 mfg GL<\/p>\n<div>\n<hr \/>\n<div><span style=\"color: #000000; font-family: Tahoma; font-size: small;\"><b>Von:<\/b> fwweber [fwweber@web.de] <b>Gesendet:<\/b> Samstag, 8. M\u00e4rz 2014 23:20 <b>An:<\/b> Kundendienst &#8211; ORF-K; \u00d61 Service &#8211; HO 1; konkret@orf.at; ORF On Online <b>Betreff:<\/b> Beschwerde \u00fcber unangemessene \u00dcberschrift (&#8222;europakritische T\u00f6ne&#8220;)<\/span><\/div>\n<div>\u00a0<b><i><span style=\"font-family: Times New Roman; font-size: medium;\">Kommentar zur\u00a0\u00dcberschrift: &#8222;Aschermittwoch: Seehofer schl\u00e4gt europakritische T\u00f6ne an&#8220; <\/span><\/i><\/b><i><span style=\"font-family: Times New Roman; font-size: medium;\">(<a href=\"http:\/\/orf.at\/#\/stories\/2220877\/\" target=\"_blank\" rel=\"noopener\">http:\/\/orf.at\/#\/stories\/2220877\/<\/a>, 5.03.2014)<\/span><\/i><\/div>\n<div>\n<div>\n<p><i><span style=\"font-family: Times New Roman; font-size: medium;\">\u00a0<\/span><\/i><\/p>\n<p><i><span style=\"font-family: Times New Roman; font-size: medium;\">Die in der \u00dcberschrift des Artikels behauptete Aussage, Seehofer habe &#8222;europakritische&#8220; T\u00f6ne angeschlagen, stimmt nicht mit dem nachfolgenden Bericht \u00fcberein. Dort wird n\u00e4mlich ausdr\u00fccklich nur von einer Kritik an der EU-Kommission berichtet.<\/span><\/i><\/p>\n<p><i><span style=\"font-family: Times New Roman; font-size: medium;\">Der ORF wird wohl nicht die totalitaristische Ansicht vertreten, dass jeder, der die nicht von der Hand zu weisende Regulierungswut der gro\u00dfkonzernbeflissenen Kommission kritisiert, &#8222;Europa kritisiert&#8220;, zumal aus Ihrem eigenen, nachfolgenden Bericht unmissverst\u00e4ndlich hervorgeht, dass der CSU-Chef Horst Seehofer (Zitat:) &#8222;die europ\u00e4ische Idee&#8220; sogar explizit verteidigt, und zwar gegen die seines Erachtens exzessiven \u00dcberregulierungen durch die Br\u00fcsseler B\u00fcrokratie mittels Richtlinien und Verordnungen.<\/span><\/i><\/p>\n<p><i><span style=\"font-family: Times New Roman; font-size: medium;\">Hier ist Ihrer Redaktion offenbar nicht einfach eine unbeabsichtigte &#8222;Verk\u00fcrzung&#8220; der tats\u00e4chlichen Sachlage in der \u00dcberschrift &#8222;unterlaufen&#8220; (wie k\u00fcrzlich einer Ihrer Redakteure anl\u00e4sslich eines \u00e4hnlichen Missgriffes reklamiert hat), sondern es handelt sich um ein nunmehr seit zwei Jahrzehnten sattsam bekanntes Muster. Seit damals unterst\u00fctzt der ORF offenbar die polemische Propagandastrategie, wie sie in analoger Weise meist nur von autorit\u00e4ren Staatsregimen betrieben wird:<\/span><\/i><\/p>\n<p><i><span style=\"font-family: Times New Roman; font-size: medium;\">Wer die EU-Kommission angreift, greift &#8222;Europa&#8220; an. Wer f\u00fcr eine andere als die gegenw\u00e4rtige Mainstream-Politik der EU-Institutionen eintritt, tritt f\u00fcr eine &#8222;europafeindliche&#8220; Politik ein. Wer die zentralistische B\u00fcrokratie in Br\u00fcssel kritisiert und ablehnt, kritisiert und lehnt &#8222;Europa&#8220; ab.<\/span><\/i><\/p>\n<p><i><span style=\"font-family: Times New Roman; font-size: medium;\">Das aber ist eine demagogische Akzentverschiebung und eine Desavouierung aller, die mit der herrschenden Politik der EU \u2013 in welcher Weise auch immer \u2013 nicht einverstanden sind, zu denen \u00fcbrigens auch ich mich z\u00e4hle. Uns als &#8222;Europakritiker&#8220; oder gar als &#8222;Europagegner&#8220; zu diskreditieren, ist \u00fcbelster Populismus und hetzerische Medienjustiz.<\/span><\/i><\/p>\n<p><b><i><span style=\"font-family: Times New Roman; font-size: medium;\">Solange sich der ORF nicht endlich einer akribischen Unterscheidung zwischen Europa an sich und der real existierenden politischen Union beflei\u00dfigt, verst\u00f6\u00dft er gegen die journalistische Sorgfaltspflicht, die insbesondere auch diesem \u00f6ffentlich-rechtlichen Unternehmen auferlegt ist.<\/span><\/i><\/b><\/p>\n<p><i><span style=\"font-family: Times New Roman; font-size: medium;\">MfG Fritz Weber, 1090 Wien<\/span><\/i><\/p>\n<\/div>\n<\/div>\n<\/div>\n<\/div>\n<\/div>\n<\/div>\n<\/div>\n<\/div>\n<p>28. Februar 2014: <span style=\"color: #3366ff;\"><strong>An die OPERNBALL-Besucher. <\/strong><\/span><span style=\"color: #3366ff;\"><strong>Kritischer Leserbrief\u00a0 von Alois Reisenbichler<\/strong><\/span><\/p>\n<p>Gestern bin ich auch wieder vor der Oper gestanden und ich war sehr\u00a0 traurig, dass es gegen das Fest der Superreichen, die auf unseren Kosten\u00a0 leben und die uns einreden wollen, dass wir alle den G\u00fcrtel enger\u00a0 schnallen sowie billiger und rund um die Uhr f\u00fcr wenig Geld arbeiten\u00a0 m\u00fcssen, nicht einmal mehr einen kleinen Widerstand gibt. Die Menschen,\u00a0 die &#8222;kleinen Leute&#8220;, die ArbeiterInnen, die Armen, die an den Rand Gedr\u00e4ngten, wir alle brauchen in diesem Land wieder eine starke Demo\u00a0 gegen diesen Wahnsinn der Reichen und Superreichen. Zugegeben auch in meiner Ohnmacht, habe ich heute morgen an die Medien\u00a0 geschrieben.<\/p>\n<p>Leserbrief zum Opernball: Verkehrte Welt<\/p>\n<p>Wenn Menschen in ihrer Not als allerletzen Ausweg betteln, dann f\u00fchlen\u00a0B\u00fcrgerinnen und B\u00fcrger gest\u00f6rt. Wenn die Reichen in\u00a0 einer Nacht das Jahreseinkommen einer Familie beim Opernball (f\u00fcr Loge,\u00a0 Designer Outfit, Essen und Trinken) verprassen, werden sie von manchen\u00a0 bewundert. Die Schamlosigkeit der hohen Herren und Damen, mit der sie stolz ihr Verm\u00f6gen und auch ihre Macht zur Schau stellen,\u00a0 ist obsz\u00f6n.\u00a0 Wie schrieb schon Bert Brecht: Reicher Mann und armer Mann standen da\u00a0W\u00e4r ich nicht arm, w\u00e4rst\u00a0.<\/p>\n<p>Die Salzburger Nachrichten ver\u00f6ffentlichten diesen Leserbrief am 6. M\u00e4rz 2014<\/p>\n<p>&nbsp;<\/p>\n","protected":false},"excerpt":{"rendered":"<p>Liebe Leserin, lieber Leser! Sie\u00a0haben eine Frage an uns, m\u00f6chten etwas anregen,\u00a0einen \u00a0Tipp geben, einen Text senden, ja gern!\u00a0Auch Ihre Kritik\u00a0 mit Argumenten unterf\u00fcttert\u00a0, \u00a0interessiert uns aufrichtig!\u00a0\u00a0\u00a0\u00a0 Schreiben Sie uns doch eine Nachricht [contact-form-7 id=&#8220;5072&#8243; title=&#8220;Kontaktformular 1&#8243;] &nbsp; Oder alternativ an medienkultur@medienkultur.at Vielleicht senden Sie uns eine Idee zu einem Text, einen\u00a0 Text selbst, am &hellip; <a href=\"https:\/\/www.medienkultur.at\/neu\/wer-wir-sind\/kontakt-anregungkritik-1-3\/\" class=\"more-link\"><span class=\"screen-reader-text\">Kontakt, Anregung, Kritik; Ihr Wort an uns<\/span> weiterlesen <span class=\"meta-nav\">&rarr;<\/span><\/a><\/p>\n","protected":false},"author":1,"featured_media":0,"parent":12,"menu_order":3,"comment_status":"closed","ping_status":"closed","template":"","meta":{"footnotes":""},"class_list":["post-490","page","type-page","status-publish","hentry"],"yoast_head":"<!-- This site is optimized with the Yoast SEO plugin v27.5 - https:\/\/yoast.com\/product\/yoast-seo-wordpress\/ -->\n<title>Kontakt, Anregung, Kritik; Ihr Wort an uns | Vereinigung f\u00fcr Medienkultur<\/title>\n<meta name=\"robots\" content=\"index, follow, max-snippet:-1, max-image-preview:large, max-video-preview:-1\" \/>\n<link rel=\"canonical\" href=\"https:\/\/www.medienkultur.at\/neu\/wer-wir-sind\/kontakt-anregungkritik-1-3\/\" \/>\n<meta property=\"og:locale\" content=\"de_DE\" \/>\n<meta property=\"og:type\" content=\"article\" \/>\n<meta property=\"og:title\" content=\"Kontakt, Anregung, Kritik; Ihr Wort an uns | Vereinigung f\u00fcr Medienkultur\" \/>\n<meta property=\"og:description\" content=\"Liebe Leserin, lieber Leser! Sie\u00a0haben eine Frage an uns, m\u00f6chten etwas anregen,\u00a0einen \u00a0Tipp geben, einen Text senden, ja gern!\u00a0Auch Ihre Kritik\u00a0 mit Argumenten unterf\u00fcttert\u00a0, \u00a0interessiert uns aufrichtig!\u00a0\u00a0\u00a0\u00a0 Schreiben Sie uns doch eine Nachricht [contact-form-7 id=&#8220;5072&#8243; title=&#8220;Kontaktformular 1&#8243;] &nbsp; Oder alternativ an medienkultur@medienkultur.at Vielleicht senden Sie uns eine Idee zu einem Text, einen\u00a0 Text selbst, am &hellip; Kontakt, Anregung, Kritik; Ihr Wort an uns weiterlesen &rarr;\" \/>\n<meta property=\"og:url\" content=\"https:\/\/www.medienkultur.at\/neu\/wer-wir-sind\/kontakt-anregungkritik-1-3\/\" \/>\n<meta property=\"og:site_name\" content=\"Vereinigung f\u00fcr Medienkultur\" \/>\n<meta property=\"article:modified_time\" content=\"2018-12-19T15:59:33+00:00\" \/>\n<meta property=\"og:image\" content=\"http:\/\/www.medienkultur.at\/neu\/wp-content\/uploads\/L1140529-Vmk.TeamArb-300x168.jpg\" \/>\n<meta name=\"twitter:card\" content=\"summary_large_image\" \/>\n<meta name=\"twitter:label1\" content=\"Gesch\u00e4tzte Lesezeit\" \/>\n\t<meta name=\"twitter:data1\" content=\"6\u00a0Minuten\" \/>\n<script type=\"application\/ld+json\" class=\"yoast-schema-graph\">{\"@context\":\"https:\\\/\\\/schema.org\",\"@graph\":[{\"@type\":\"WebPage\",\"@id\":\"https:\\\/\\\/www.medienkultur.at\\\/neu\\\/wer-wir-sind\\\/kontakt-anregungkritik-1-3\\\/\",\"url\":\"https:\\\/\\\/www.medienkultur.at\\\/neu\\\/wer-wir-sind\\\/kontakt-anregungkritik-1-3\\\/\",\"name\":\"Kontakt, Anregung, Kritik; Ihr Wort an uns | Vereinigung f\u00fcr Medienkultur\",\"isPartOf\":{\"@id\":\"https:\\\/\\\/www.medienkultur.at\\\/neu\\\/#website\"},\"primaryImageOfPage\":{\"@id\":\"https:\\\/\\\/www.medienkultur.at\\\/neu\\\/wer-wir-sind\\\/kontakt-anregungkritik-1-3\\\/#primaryimage\"},\"image\":{\"@id\":\"https:\\\/\\\/www.medienkultur.at\\\/neu\\\/wer-wir-sind\\\/kontakt-anregungkritik-1-3\\\/#primaryimage\"},\"thumbnailUrl\":\"http:\\\/\\\/www.medienkultur.at\\\/neu\\\/wp-content\\\/uploads\\\/L1140529-Vmk.TeamArb-300x168.jpg\",\"datePublished\":\"2013-10-02T08:04:40+00:00\",\"dateModified\":\"2018-12-19T15:59:33+00:00\",\"breadcrumb\":{\"@id\":\"https:\\\/\\\/www.medienkultur.at\\\/neu\\\/wer-wir-sind\\\/kontakt-anregungkritik-1-3\\\/#breadcrumb\"},\"inLanguage\":\"de\",\"potentialAction\":[{\"@type\":\"ReadAction\",\"target\":[\"https:\\\/\\\/www.medienkultur.at\\\/neu\\\/wer-wir-sind\\\/kontakt-anregungkritik-1-3\\\/\"]}]},{\"@type\":\"ImageObject\",\"inLanguage\":\"de\",\"@id\":\"https:\\\/\\\/www.medienkultur.at\\\/neu\\\/wer-wir-sind\\\/kontakt-anregungkritik-1-3\\\/#primaryimage\",\"url\":\"https:\\\/\\\/www.medienkultur.at\\\/neu\\\/wp-content\\\/uploads\\\/L1140529-Vmk.TeamArb.jpg\",\"contentUrl\":\"https:\\\/\\\/www.medienkultur.at\\\/neu\\\/wp-content\\\/uploads\\\/L1140529-Vmk.TeamArb.jpg\",\"width\":3968,\"height\":2232},{\"@type\":\"BreadcrumbList\",\"@id\":\"https:\\\/\\\/www.medienkultur.at\\\/neu\\\/wer-wir-sind\\\/kontakt-anregungkritik-1-3\\\/#breadcrumb\",\"itemListElement\":[{\"@type\":\"ListItem\",\"position\":1,\"name\":\"Startseite\",\"item\":\"https:\\\/\\\/www.medienkultur.at\\\/neu\\\/\"},{\"@type\":\"ListItem\",\"position\":2,\"name\":\"\u00dcBER UNS\",\"item\":\"https:\\\/\\\/www.medienkultur.at\\\/neu\\\/wer-wir-sind\\\/\"},{\"@type\":\"ListItem\",\"position\":3,\"name\":\"Kontakt, Anregung, Kritik; Ihr Wort an uns\"}]},{\"@type\":\"WebSite\",\"@id\":\"https:\\\/\\\/www.medienkultur.at\\\/neu\\\/#website\",\"url\":\"https:\\\/\\\/www.medienkultur.at\\\/neu\\\/\",\"name\":\"Vereinigung f\u00fcr Medienkultur\",\"description\":\"\",\"potentialAction\":[{\"@type\":\"SearchAction\",\"target\":{\"@type\":\"EntryPoint\",\"urlTemplate\":\"https:\\\/\\\/www.medienkultur.at\\\/neu\\\/?s={search_term_string}\"},\"query-input\":{\"@type\":\"PropertyValueSpecification\",\"valueRequired\":true,\"valueName\":\"search_term_string\"}}],\"inLanguage\":\"de\"}]}<\/script>\n<!-- \/ Yoast SEO plugin. -->","yoast_head_json":{"title":"Kontakt, Anregung, Kritik; Ihr Wort an uns | Vereinigung f\u00fcr Medienkultur","robots":{"index":"index","follow":"follow","max-snippet":"max-snippet:-1","max-image-preview":"max-image-preview:large","max-video-preview":"max-video-preview:-1"},"canonical":"https:\/\/www.medienkultur.at\/neu\/wer-wir-sind\/kontakt-anregungkritik-1-3\/","og_locale":"de_DE","og_type":"article","og_title":"Kontakt, Anregung, Kritik; Ihr Wort an uns | Vereinigung f\u00fcr Medienkultur","og_description":"Liebe Leserin, lieber Leser! Sie\u00a0haben eine Frage an uns, m\u00f6chten etwas anregen,\u00a0einen \u00a0Tipp geben, einen Text senden, ja gern!\u00a0Auch Ihre Kritik\u00a0 mit Argumenten unterf\u00fcttert\u00a0, \u00a0interessiert uns aufrichtig!\u00a0\u00a0\u00a0\u00a0 Schreiben Sie uns doch eine Nachricht [contact-form-7 id=&#8220;5072&#8243; title=&#8220;Kontaktformular 1&#8243;] &nbsp; Oder alternativ an medienkultur@medienkultur.at Vielleicht senden Sie uns eine Idee zu einem Text, einen\u00a0 Text selbst, am &hellip; Kontakt, Anregung, Kritik; Ihr Wort an uns weiterlesen &rarr;","og_url":"https:\/\/www.medienkultur.at\/neu\/wer-wir-sind\/kontakt-anregungkritik-1-3\/","og_site_name":"Vereinigung f\u00fcr Medienkultur","article_modified_time":"2018-12-19T15:59:33+00:00","og_image":[{"url":"http:\/\/www.medienkultur.at\/neu\/wp-content\/uploads\/L1140529-Vmk.TeamArb-300x168.jpg","type":"","width":"","height":""}],"twitter_card":"summary_large_image","twitter_misc":{"Gesch\u00e4tzte Lesezeit":"6\u00a0Minuten"},"schema":{"@context":"https:\/\/schema.org","@graph":[{"@type":"WebPage","@id":"https:\/\/www.medienkultur.at\/neu\/wer-wir-sind\/kontakt-anregungkritik-1-3\/","url":"https:\/\/www.medienkultur.at\/neu\/wer-wir-sind\/kontakt-anregungkritik-1-3\/","name":"Kontakt, Anregung, Kritik; Ihr Wort an uns | Vereinigung f\u00fcr Medienkultur","isPartOf":{"@id":"https:\/\/www.medienkultur.at\/neu\/#website"},"primaryImageOfPage":{"@id":"https:\/\/www.medienkultur.at\/neu\/wer-wir-sind\/kontakt-anregungkritik-1-3\/#primaryimage"},"image":{"@id":"https:\/\/www.medienkultur.at\/neu\/wer-wir-sind\/kontakt-anregungkritik-1-3\/#primaryimage"},"thumbnailUrl":"http:\/\/www.medienkultur.at\/neu\/wp-content\/uploads\/L1140529-Vmk.TeamArb-300x168.jpg","datePublished":"2013-10-02T08:04:40+00:00","dateModified":"2018-12-19T15:59:33+00:00","breadcrumb":{"@id":"https:\/\/www.medienkultur.at\/neu\/wer-wir-sind\/kontakt-anregungkritik-1-3\/#breadcrumb"},"inLanguage":"de","potentialAction":[{"@type":"ReadAction","target":["https:\/\/www.medienkultur.at\/neu\/wer-wir-sind\/kontakt-anregungkritik-1-3\/"]}]},{"@type":"ImageObject","inLanguage":"de","@id":"https:\/\/www.medienkultur.at\/neu\/wer-wir-sind\/kontakt-anregungkritik-1-3\/#primaryimage","url":"https:\/\/www.medienkultur.at\/neu\/wp-content\/uploads\/L1140529-Vmk.TeamArb.jpg","contentUrl":"https:\/\/www.medienkultur.at\/neu\/wp-content\/uploads\/L1140529-Vmk.TeamArb.jpg","width":3968,"height":2232},{"@type":"BreadcrumbList","@id":"https:\/\/www.medienkultur.at\/neu\/wer-wir-sind\/kontakt-anregungkritik-1-3\/#breadcrumb","itemListElement":[{"@type":"ListItem","position":1,"name":"Startseite","item":"https:\/\/www.medienkultur.at\/neu\/"},{"@type":"ListItem","position":2,"name":"\u00dcBER UNS","item":"https:\/\/www.medienkultur.at\/neu\/wer-wir-sind\/"},{"@type":"ListItem","position":3,"name":"Kontakt, Anregung, Kritik; Ihr Wort an uns"}]},{"@type":"WebSite","@id":"https:\/\/www.medienkultur.at\/neu\/#website","url":"https:\/\/www.medienkultur.at\/neu\/","name":"Vereinigung f\u00fcr Medienkultur","description":"","potentialAction":[{"@type":"SearchAction","target":{"@type":"EntryPoint","urlTemplate":"https:\/\/www.medienkultur.at\/neu\/?s={search_term_string}"},"query-input":{"@type":"PropertyValueSpecification","valueRequired":true,"valueName":"search_term_string"}}],"inLanguage":"de"}]}},"_links":{"self":[{"href":"https:\/\/www.medienkultur.at\/neu\/wp-json\/wp\/v2\/pages\/490","targetHints":{"allow":["GET"]}}],"collection":[{"href":"https:\/\/www.medienkultur.at\/neu\/wp-json\/wp\/v2\/pages"}],"about":[{"href":"https:\/\/www.medienkultur.at\/neu\/wp-json\/wp\/v2\/types\/page"}],"author":[{"embeddable":true,"href":"https:\/\/www.medienkultur.at\/neu\/wp-json\/wp\/v2\/users\/1"}],"replies":[{"embeddable":true,"href":"https:\/\/www.medienkultur.at\/neu\/wp-json\/wp\/v2\/comments?post=490"}],"version-history":[{"count":13,"href":"https:\/\/www.medienkultur.at\/neu\/wp-json\/wp\/v2\/pages\/490\/revisions"}],"predecessor-version":[{"id":5076,"href":"https:\/\/www.medienkultur.at\/neu\/wp-json\/wp\/v2\/pages\/490\/revisions\/5076"}],"up":[{"embeddable":true,"href":"https:\/\/www.medienkultur.at\/neu\/wp-json\/wp\/v2\/pages\/12"}],"wp:attachment":[{"href":"https:\/\/www.medienkultur.at\/neu\/wp-json\/wp\/v2\/media?parent=490"}],"curies":[{"name":"wp","href":"https:\/\/api.w.org\/{rel}","templated":true}]}}