{"version":"1.0","provider_name":"Vereinigung f\u00fcr Medienkultur","provider_url":"https:\/\/www.medienkultur.at\/neu","author_name":"Hans H\u00f6gl","author_url":"https:\/\/www.medienkultur.at\/neu\/author\/wordpressadmin\/","title":"Verspielen wir die Neutralit\u00e4t? | Vereinigung f\u00fcr Medienkultur","type":"rich","width":600,"height":338,"html":"<blockquote class=\"wp-embedded-content\" data-secret=\"VQubxt2g0I\"><a href=\"https:\/\/www.medienkultur.at\/neu\/verspielen-wir-die-neutralitaet\/\">Verspielen wir die Neutralit\u00e4t?<\/a><\/blockquote><iframe sandbox=\"allow-scripts\" security=\"restricted\" src=\"https:\/\/www.medienkultur.at\/neu\/verspielen-wir-die-neutralitaet\/embed\/#?secret=VQubxt2g0I\" width=\"600\" height=\"338\" title=\"&#8222;Verspielen wir die Neutralit\u00e4t?&#8220; &#8211; Vereinigung f\u00fcr Medienkultur\" data-secret=\"VQubxt2g0I\" frameborder=\"0\" marginwidth=\"0\" marginheight=\"0\" scrolling=\"no\" class=\"wp-embedded-content\"><\/iframe><script>\n\/*! This file is auto-generated *\/\n!function(d,l){\"use strict\";l.querySelector&&d.addEventListener&&\"undefined\"!=typeof URL&&(d.wp=d.wp||{},d.wp.receiveEmbedMessage||(d.wp.receiveEmbedMessage=function(e){var t=e.data;if((t||t.secret||t.message||t.value)&&!\/[^a-zA-Z0-9]\/.test(t.secret)){for(var s,r,n,a=l.querySelectorAll('iframe[data-secret=\"'+t.secret+'\"]'),o=l.querySelectorAll('blockquote[data-secret=\"'+t.secret+'\"]'),c=new RegExp(\"^https?:$\",\"i\"),i=0;i<o.length;i++)o[i].style.display=\"none\";for(i=0;i<a.length;i++)s=a[i],e.source===s.contentWindow&&(s.removeAttribute(\"style\"),\"height\"===t.message?(1e3<(r=parseInt(t.value,10))?r=1e3:~~r<200&&(r=200),s.height=r):\"link\"===t.message&&(r=new URL(s.getAttribute(\"src\")),n=new URL(t.value),c.test(n.protocol))&&n.host===r.host&&l.activeElement===s&&(d.top.location.href=t.value))}},d.addEventListener(\"message\",d.wp.receiveEmbedMessage,!1),l.addEventListener(\"DOMContentLoaded\",function(){for(var e,t,s=l.querySelectorAll(\"iframe.wp-embedded-content\"),r=0;r<s.length;r++)(t=(e=s[r]).getAttribute(\"data-secret\"))||(t=Math.random().toString(36).substring(2,12),e.src+=\"#?secret=\"+t,e.setAttribute(\"data-secret\",t)),e.contentWindow.postMessage({message:\"ready\",secret:t},\"*\")},!1)))}(window,document);\n\/\/# sourceURL=https:\/\/www.medienkultur.at\/neu\/wp-includes\/js\/wp-embed.min.js\n<\/script>\n","description":"Etwa 80 Prozent der \u00d6sterreicherinnen und \u00d6sterreicher betrachten die Neutralit\u00e4t als festen Bestandteil der \u00f6sterreichischen Identit\u00e4t. Wird die offizielle Politik dem Wunsch vieler \u00d6sterreicher nach konsequenter aktiver Neutralit\u00e4tspolitik gerecht? Und werden wir eigentlich im Ausland wirklich noch als neutraler Staat wahrgenommen? Da sind ernste Alarmzeichen nicht mehr zu \u00fcbersehen. Hans-Christian Scheid * Schon in unserem &hellip; weiterlesen &rarr;"}

Vereinigung für Medienkultur

Hans Högl

Verspielen wir die Neutralität? | Vereinigung für Medienkultur

<blockquote class="wp-embedded-content" data-secret="VQubxt2g0I"><a href="https://www.medienkultur.at/neu/verspielen-wir-die-neutralitaet/">Verspielen wir die Neutralität?</a></blockquote><iframe sandbox="allow-scripts" security="restricted" src="https://www.medienkultur.at/neu/verspielen-wir-die-neutralitaet/embed/#?secret=VQubxt2g0I" width="600" height="338" title="&#8222;Verspielen wir die Neutralität?&#8220; &#8211; Vereinigung für Medienkultur" data-secret="VQubxt2g0I" frameborder="0" marginwidth="0" marginheight="0" scrolling="no" class="wp-embedded-content"></iframe><script>
/*! This file is auto-generated */
!function(d,l){"use strict";l.querySelector&&d.addEventListener&&"undefined"!=typeof URL&&(d.wp=d.wp||{},d.wp.receiveEmbedMessage||(d.wp.receiveEmbedMessage=function(e){var t=e.data;if((t||t.secret||t.message||t.value)&&!/[^a-zA-Z0-9]/.test(t.secret)){for(var s,r,n,a=l.querySelectorAll('iframe[data-secret="'+t.secret+'"]'),o=l.querySelectorAll('blockquote[data-secret="'+t.secret+'"]'),c=new RegExp("^https?:$","i"),i=0;i<o.length;i++)o[i].style.display="none";for(i=0;i<a.length;i++)s=a[i],e.source===s.contentWindow&&(s.removeAttribute("style"),"height"===t.message?(1e3<(r=parseInt(t.value,10))?r=1e3:~~r<200&&(r=200),s.height=r):"link"===t.message&&(r=new URL(s.getAttribute("src")),n=new URL(t.value),c.test(n.protocol))&&n.host===r.host&&l.activeElement===s&&(d.top.location.href=t.value))}},d.addEventListener("message",d.wp.receiveEmbedMessage,!1),l.addEventListener("DOMContentLoaded",function(){for(var e,t,s=l.querySelectorAll("iframe.wp-embedded-content"),r=0;r<s.length;r++)(t=(e=s[r]).getAttribute("data-secret"))||(t=Math.random().toString(36).substring(2,12),e.src+="#?secret="+t,e.setAttribute("data-secret",t)),e.contentWindow.postMessage({message:"ready",secret:t},"*")},!1)))}(window,document);
//# sourceURL=https://www.medienkultur.at/neu/wp-includes/js/wp-embed.min.js
</script>

Etwa 80 Prozent der Österreicherinnen und Österreicher betrachten die Neutralität als festen Bestandteil der österreichischen Identität. Wird die offizielle Politik dem Wunsch vieler Österreicher nach konsequenter aktiver Neutralitätspolitik gerecht? Und werden wir eigentlich im Ausland wirklich noch als neutraler Staat wahrgenommen? Da sind ernste Alarmzeichen nicht mehr zu übersehen. Hans-Christian Scheid * Schon in unserem &hellip; weiterlesen &rarr;
