{"version":"1.0","provider_name":"Vereinigung f\u00fcr Medienkultur","provider_url":"https:\/\/www.medienkultur.at\/neu","author_name":"Hans H\u00f6gl","author_url":"https:\/\/www.medienkultur.at\/neu\/author\/wordpressadmin\/","title":"L\u00e4ndlicher Raum : Stiefkind von Politik und Medien | Vereinigung f\u00fcr Medienkultur","type":"rich","width":600,"height":338,"html":"<blockquote class=\"wp-embedded-content\" data-secret=\"kvHWMdWgYd\"><a href=\"https:\/\/www.medienkultur.at\/neu\/7349-2\/\">L\u00e4ndlicher Raum : Stiefkind von Politik und Medien<\/a><\/blockquote><iframe sandbox=\"allow-scripts\" security=\"restricted\" src=\"https:\/\/www.medienkultur.at\/neu\/7349-2\/embed\/#?secret=kvHWMdWgYd\" width=\"600\" height=\"338\" title=\"&#8222;L\u00e4ndlicher Raum : Stiefkind von Politik und Medien&#8220; &#8211; Vereinigung f\u00fcr Medienkultur\" data-secret=\"kvHWMdWgYd\" frameborder=\"0\" marginwidth=\"0\" marginheight=\"0\" scrolling=\"no\" class=\"wp-embedded-content\"><\/iframe><script>\n\/*! This file is auto-generated *\/\n!function(d,l){\"use strict\";l.querySelector&&d.addEventListener&&\"undefined\"!=typeof URL&&(d.wp=d.wp||{},d.wp.receiveEmbedMessage||(d.wp.receiveEmbedMessage=function(e){var t=e.data;if((t||t.secret||t.message||t.value)&&!\/[^a-zA-Z0-9]\/.test(t.secret)){for(var s,r,n,a=l.querySelectorAll('iframe[data-secret=\"'+t.secret+'\"]'),o=l.querySelectorAll('blockquote[data-secret=\"'+t.secret+'\"]'),c=new RegExp(\"^https?:$\",\"i\"),i=0;i<o.length;i++)o[i].style.display=\"none\";for(i=0;i<a.length;i++)s=a[i],e.source===s.contentWindow&&(s.removeAttribute(\"style\"),\"height\"===t.message?(1e3<(r=parseInt(t.value,10))?r=1e3:~~r<200&&(r=200),s.height=r):\"link\"===t.message&&(r=new URL(s.getAttribute(\"src\")),n=new URL(t.value),c.test(n.protocol))&&n.host===r.host&&l.activeElement===s&&(d.top.location.href=t.value))}},d.addEventListener(\"message\",d.wp.receiveEmbedMessage,!1),l.addEventListener(\"DOMContentLoaded\",function(){for(var e,t,s=l.querySelectorAll(\"iframe.wp-embedded-content\"),r=0;r<s.length;r++)(t=(e=s[r]).getAttribute(\"data-secret\"))||(t=Math.random().toString(36).substring(2,12),e.src+=\"#?secret=\"+t,e.setAttribute(\"data-secret\",t)),e.contentWindow.postMessage({message:\"ready\",secret:t},\"*\")},!1)))}(window,document);\n\/\/# sourceURL=https:\/\/www.medienkultur.at\/neu\/wp-includes\/js\/wp-embed.min.js\n<\/script>\n","description":"Die Vereinigung f\u00fcr Medienkultur l\u00e4dt ein zu einem Diskussionsabend \u00fcber den l\u00e4ndlichen Raum, dessen Bedeutung und Entwicklung Politik und Medien mehr am Herzen liegen sollten. Zum Thema ein mit profunden Experten und Expertinnen besetztes Podium. Termin: Montag, 9. M\u00e4rz 2020, 19 Uhr Ort: Presseclub Concordia, Bankgasse 8, 1010 Wien Am Podium: Mag. Michael Jungwirth Innenpolitik-Redakteur &hellip; weiterlesen &rarr;"}

Vereinigung für Medienkultur

Hans Högl

Ländlicher Raum : Stiefkind von Politik und Medien | Vereinigung für Medienkultur

<blockquote class="wp-embedded-content" data-secret="kvHWMdWgYd"><a href="https://www.medienkultur.at/neu/7349-2/">Ländlicher Raum : Stiefkind von Politik und Medien</a></blockquote><iframe sandbox="allow-scripts" security="restricted" src="https://www.medienkultur.at/neu/7349-2/embed/#?secret=kvHWMdWgYd" width="600" height="338" title="&#8222;Ländlicher Raum : Stiefkind von Politik und Medien&#8220; &#8211; Vereinigung für Medienkultur" data-secret="kvHWMdWgYd" frameborder="0" marginwidth="0" marginheight="0" scrolling="no" class="wp-embedded-content"></iframe><script>
/*! This file is auto-generated */
!function(d,l){"use strict";l.querySelector&&d.addEventListener&&"undefined"!=typeof URL&&(d.wp=d.wp||{},d.wp.receiveEmbedMessage||(d.wp.receiveEmbedMessage=function(e){var t=e.data;if((t||t.secret||t.message||t.value)&&!/[^a-zA-Z0-9]/.test(t.secret)){for(var s,r,n,a=l.querySelectorAll('iframe[data-secret="'+t.secret+'"]'),o=l.querySelectorAll('blockquote[data-secret="'+t.secret+'"]'),c=new RegExp("^https?:$","i"),i=0;i<o.length;i++)o[i].style.display="none";for(i=0;i<a.length;i++)s=a[i],e.source===s.contentWindow&&(s.removeAttribute("style"),"height"===t.message?(1e3<(r=parseInt(t.value,10))?r=1e3:~~r<200&&(r=200),s.height=r):"link"===t.message&&(r=new URL(s.getAttribute("src")),n=new URL(t.value),c.test(n.protocol))&&n.host===r.host&&l.activeElement===s&&(d.top.location.href=t.value))}},d.addEventListener("message",d.wp.receiveEmbedMessage,!1),l.addEventListener("DOMContentLoaded",function(){for(var e,t,s=l.querySelectorAll("iframe.wp-embedded-content"),r=0;r<s.length;r++)(t=(e=s[r]).getAttribute("data-secret"))||(t=Math.random().toString(36).substring(2,12),e.src+="#?secret="+t,e.setAttribute("data-secret",t)),e.contentWindow.postMessage({message:"ready",secret:t},"*")},!1)))}(window,document);
//# sourceURL=https://www.medienkultur.at/neu/wp-includes/js/wp-embed.min.js
</script>

Die Vereinigung für Medienkultur lädt ein zu einem Diskussionsabend über den ländlichen Raum, dessen Bedeutung und Entwicklung Politik und Medien mehr am Herzen liegen sollten. Zum Thema ein mit profunden Experten und Expertinnen besetztes Podium. Termin: Montag, 9. März 2020, 19 Uhr Ort: Presseclub Concordia, Bankgasse 8, 1010 Wien Am Podium: Mag. Michael Jungwirth Innenpolitik-Redakteur &hellip; weiterlesen &rarr;
